{"id":51,"date":"2022-07-01T11:12:32","date_gmt":"2022-07-01T09:12:32","guid":{"rendered":"http:\/\/www.ppt-hagen.de\/?page_id=51"},"modified":"2026-01-29T09:22:12","modified_gmt":"2026-01-29T08:22:12","slug":"start","status":"publish","type":"page","link":"https:\/\/www.ppt-hagen.de\/start\/","title":{"rendered":"Praxis f\u00fcr Psychologische Psychotherapie Monschan in Hagen Boele"},"content":{"rendered":"\n<p><\/p>\n\n\n\n<h3 class=\"wp-block-heading has-large-font-size\">Herzlich willkommen auf der Seite der <\/h3>\n\n\n\n<h1 class=\"wp-block-heading has-x-large-font-size\">Praxis f\u00fcr Psychotherapie <br>in Hagen Boele<\/h1>\n\n\n\n<h4 class=\"wp-block-heading has-large-font-size\">Ihre Praxis f\u00fcr kognitive Verhaltenstherapie<\/h4>\n\n\n\n<p><\/p>\n\n\n\n<p><strong>ACHTUNG! Die Praxis wird zu M\u00e4rz 2026 nicht mehr durch Fr. Monschan weitergef\u00fchrt. <\/strong>Es werden keine neuen PatientInnen aufgenommen. <\/p>\n\n\n\n<p>Auf meiner Webseite finden Sie alle wichtigen <strong><a href=\"https:\/\/www.ppt-hagen.de\/start\/ablauf\/\" title=\"Ablauf und Kosten\">Informationen <\/a><\/strong>rund um eine Psychotherapie in meiner Praxis, wie Sie zu mir <strong><a href=\"https:\/\/www.ppt-hagen.de\/start\/kontakt\/\" title=\"Kontakt\">Kontakt <\/a><\/strong>aufnehmen (02331-64030 oder monschan@ppt-hagen.de), zu meinen Angeboten und welche wissenschaftlich fundierten <strong><a href=\"https:\/\/www.ppt-hagen.de\/start\/angebot\/\" title=\"Schwerpunkte\">Methoden <\/a><\/strong>ich dazu anwende. Au\u00dferdem gebe ich Ihnen unter dem Punkt <strong><a href=\"https:\/\/www.ppt-hagen.de\/start\/ablauf\/\" title=\"Ablauf und Kosten\">Ablauf und Kosten<\/a><\/strong> Informationen entsprechend Ihres Versichertenstatus zur Beantragung einer Psychotherapie sowie der Kosten\u00fcbernahme.<\/p>\n\n\n\n<p>In meiner <a href=\"https:\/\/www.ppt-hagen.de\/start\/praxis\/\" title=\"Praxis\"><strong>Praxis f\u00fcr psychologische Psychotherapie<\/strong> <\/a>biete ich Ihnen die diagnostische Abkl\u00e4rung und Behandlung psychischer Erkrankungen an. Durch meine Qualifikationen, die Approbation als&nbsp;Psychologische Psychotherapeutin f\u00fcr Verhaltenstherapie und meine Berufserfahrung (auch aus erg\u00e4nzenden Bereichen) erwartet Sie eine professionelle, zielorientierte Behandlung, die sich an wissenschaftlichen Erkenntnissen orientiert. Ich biete Ihnen <strong>Einzeltherapie und Gruppentherapie<\/strong> an. <\/p>\n\n\n\n<p><\/p>\n","protected":false},"excerpt":{"rendered":"<p>Herzlich willkommen auf der Seite der Praxis f\u00fcr Psychotherapie in Hagen Boele Ihre Praxis f\u00fcr kognitive Verhaltenstherapie ACHTUNG! Die Praxis wird zu M\u00e4rz 2026 nicht mehr durch Fr. Monschan weitergef\u00fchrt. Es werden keine neuen PatientInnen aufgenommen. Auf meiner Webseite finden Sie alle wichtigen Informationen rund um eine Psychotherapie in meiner Praxis, wie Sie zu mir [&hellip;]<\/p>\n","protected":false},"author":1,"featured_media":0,"parent":0,"menu_order":1,"comment_status":"closed","ping_status":"closed","template":"","meta":{"_monsterinsights_skip_tracking":false,"_monsterinsights_sitenote_active":false,"_monsterinsights_sitenote_note":"","_monsterinsights_sitenote_category":0,"footnotes":""},"class_list":["post-51","page","type-page","status-publish","hentry"],"aioseo_notices":[],"_links":{"self":[{"href":"https:\/\/www.ppt-hagen.de\/start\/wp-json\/wp\/v2\/pages\/51","targetHints":{"allow":["GET"]}}],"collection":[{"href":"https:\/\/www.ppt-hagen.de\/start\/wp-json\/wp\/v2\/pages"}],"about":[{"href":"https:\/\/www.ppt-hagen.de\/start\/wp-json\/wp\/v2\/types\/page"}],"author":[{"embeddable":true,"href":"https:\/\/www.ppt-hagen.de\/start\/wp-json\/wp\/v2\/users\/1"}],"replies":[{"embeddable":true,"href":"https:\/\/www.ppt-hagen.de\/start\/wp-json\/wp\/v2\/comments?post=51"}],"version-history":[{"count":73,"href":"https:\/\/www.ppt-hagen.de\/start\/wp-json\/wp\/v2\/pages\/51\/revisions"}],"predecessor-version":[{"id":711,"href":"https:\/\/www.ppt-hagen.de\/start\/wp-json\/wp\/v2\/pages\/51\/revisions\/711"}],"wp:attachment":[{"href":"https:\/\/www.ppt-hagen.de\/start\/wp-json\/wp\/v2\/media?parent=51"}],"curies":[{"name":"wp","href":"https:\/\/api.w.org\/{rel}","templated":true}]}}